+ 11*h + 40. Suppose 56 = s - 20. Calculate the highest common factor of s and m.
4
Let x = -954 + 6608. What is the highest common divisor of 44 and x?
22
Let s(w) = -w**2 + 12*w - 5. Suppose 0*q + 15 = 3*q. Let z be s(q). Suppose 2*n - z = 14. What is the greatest common divisor of 198 and n?
22
Let w(i) be the first derivative of i**4/4 + 4*i**3 + 2*i**2 + 84*i + 22. Let a be w(-10). What is the greatest common divisor of a and 61?
61
Let a(s) = s**2 - 3*s - 15. Let o be a(5). Let u be 63/7 + (0 - o). Let j = -25 - -39. Calculate the highest common factor of u and j.
14
Let y(i) = i**2 - 15*i + 26. Let q = 20 + -7. Let n be y(q). Suppose 0*g - g = x - 105, n = -x + 5*g + 105. Calculate the greatest common factor of 15 and x.
15
Let d be (4/(-10))/(3/(-135)). Suppose -4*i + 2 = -d. Suppose -i*z + 8 = -7. Calculate the greatest common factor of z and 12.
3
Suppose 2*u + 3*u = 4*r + 218, -3*u - 254 = 5*r. Let i = 111 + r. What is the highest common divisor of 59 and i?
59
Suppose 5*y - 189 = 12*u - 16*u, 2*u - 4*y = 88. Calculate the highest common factor of u and 1863.
23
Let t(c) be the second derivative of -c**3/6 + 2*c**2 + 42*c - 2. Let w be (-2)/8 - (-11)/(-4). Let j be t(w). Calculate the highest common divisor of 7 and j.
7
Let k(x) = -2*x + 13. Let j be k(0). Suppose 3*r + 4*y + 157 = 2*y, 3*r + 153 = -3*y. Let c = 81 + r. What is the greatest common factor of j and c?
13
Suppose 100*k + 131 - 5931 = 0. Suppose -2*l = 3*w - 1511, -l = 2*l + 5*w - 2267. Calculate the highest common divisor of k and l.
58
Let p be (-35)/(-14)*((100 - -1) + 175/25). Calculate the greatest common factor of p and 645.
15
Suppose j = -3*h + 18, 0 = -16*h + 13*h - 6. Let w be 2/(1*(-1 + 2)). Let d be w/(-3) + (-20)/(-3). Calculate the greatest common divisor of d and j.
6
Suppose -o = -7 - 18. Let b(k) = -k**2 - 11*k. Let c be ((-20)/6)/(3 - 24/9). Let s be b(c). What is the greatest common factor of o and s?
5
Let r = -2989 - -5885. What is the highest common factor of r and 80?
16
Suppose -7020 = 740*q - 760*q. Calculate the greatest common factor of 39 and q.
39
Suppose 227*k - 13129 = 32952 + 16571. What is the greatest common divisor of k and 1788?
12
Let r be (2 + -44)/(-6) + (488 - 2). What is the highest common factor of 68 and r?
17
Suppose -3*a - 60 = 2*a. Let t = a - -26. Let w = -286 + 356. What is the highest common factor of t and w?
14
Let z = 452 - 252. Let y be (-2)/(-12) - (-3836)/24. Suppose -5*i + l + z = 0, 0*i = -4*i + l + y. What is the highest common divisor of 10 and i?
10
Let l be ((-12)/42)/((-1)/(28/2)). Let v be (l*8/(-24))/((-2)/528). What is the highest common divisor of 44 and v?
44
Let w(p) = -3*p**2 + 24*p + 5. Let y be w(8). Suppose -655 + 207 = -q - 5*n, y*q = -4*n + 2135. What is the greatest common divisor of q and 47?
47
Let b be ((-13)/39*29)/(-3 + (-88)/(-30)). What is the highest common factor of b and 1247?
29
Let i(j) = -2*j**2 + 7*j + 24. Let b be i(8). Let a = 49 + b. Let g be 1/(5/195*a). What is the greatest common factor of 13 and g?
13
Let u be (-1424)/(-22) + 348/1276. Let r be 454 - -2 - 2/((-2)/(-1)). What is the greatest common factor of u and r?
65
Suppose -299*l - 370639 = -1701787. What is the greatest common divisor of 84 and l?
84
Let w(f) = 3*f**2 - 18*f + 3. Let x be (108/(-80)*-5)/(2/24). Suppose p + 75 = x. Let n be w(p). Calculate the greatest common factor of 3 and n.
3
Let s(r) = -10*r + 11. Let l be s(1). Let v be (-44)/55*(-4 - l). Calculate the highest common factor of 18 and v.
2
Let d = -98 - -168. Let u = -277 - -276. Let c be (u/(-3))/(-1) - 1240/(-120). Calculate the highest common factor of c and d.
10
Suppose 5160 = -7*w - 5*w. Let u = 439 + w. Let t(d) = -16*d - 1. Let m be t(-4). What is the highest common factor of m and u?
9
Suppose 4*j - 282 = 3*w - 16, -4*j = -w - 86. Let s = -60 - w. Let d be (-20)/s - (-353)/(-6)*-2. Calculate the greatest common divisor of 13 and d.
13
Suppose -215*n + 9162 = -50396 - 8382. Calculate the highest common divisor of 176 and n.
4
Let d be (-1685922)/(-168) + 1 + 25/(-20). Calculate the highest common factor of d and 45.
45
Suppose -v + 4*n = 15, -4*v + 0*v + 5*n = 71. Let y be 90 - v/(95/(-30)). Suppose -23 - 13 = -3*w. What is the highest common factor of y and w?
12
Suppose -3*c + 4 = -23. Suppose -3*k + 3 = -3*j, 3*k + k - 3*j = 3. Let d be (0 + k - -1)*(-46 - -47). Calculate the highest common divisor of d and c.
1
Let n be (225 - 273)*20/(-3). Calculate the greatest common divisor of 230 and n.
10
Let l be -1 + 2 + 5 + (-33)/11. What is the highest common factor of l and 2949?
3
Suppose -5*d + 17 = -4*o, 5*o - d = 3*d - 10. Suppose -5*h + 115 = 5*r, r - 581*h + 583*h - 28 = 0. What is the highest common divisor of o and r?
2
Suppose 2*x - 5*f - 752 = -x, 2*x = 5*f + 493. Suppose -s = -7*k - 23, -s - 90 = 5*k - 137. Calculate the highest common factor of x and s.
37
Let r = 83 - 47. Let p be ((-264)/r)/(6/(-9)). Let w(b) = b - 3. Let x be w(4). What is the greatest common divisor of p and x?
1
Let p(g) = 2*g**3 + 17*g**2 - 13*g - 11. Let c be p(-9). Let f be (-1)/(-2) - 9/(-6). Calculate the highest common divisor of f and c.
1
Let o(c) = 5*c**2 + 20*c - 42. Let g be o(-6). What is the highest common divisor of g and 4428?
18
Suppose 11*k = -14*k + 10*k + 5445. What is the greatest common divisor of k and 66?
33
Let i = 9797 + -6472. What is the highest common divisor of 133 and i?
133
Let b be (-7)/(4300/(-375) - -11). Let w = -2 + -7. Let t be w/1*(-8)/12. Calculate the greatest common divisor of t and b.
3
Let w = 14090 + -14074. What is the greatest common divisor of w and 11392?
16
Let m be (-8)/(-20)*-5 + 86 + (-3)/1. Calculate the highest common divisor of 1323 and m.
27
Suppose 2*o - 189 = 97 + 34. Calculate the highest common divisor of o and 3760.
80
Let v = -24 - -27. Suppose -v*k - 3*k = -30. Suppose 2*x + 17 - 3 = 4*b, 0 = -x - k. Calculate the greatest common factor of 5 and b.
1
Suppose -49*p + 50*p + 5*y - 200 = 0, 3*p + y = 530. What is the greatest common divisor of p and 1820?
35
Let b(z) = -z + 1. Suppose -44*q + 30 = -46*q. Let k be b(q). What is the highest common factor of 8 and k?
8
Let o = 16 - 14. Suppose -x = -o*x + 40. Let m(w) = -w**2 - 23*w + 60. Let u be m(-20). Calculate the highest common divisor of u and x.
40
Let r(z) be the second derivative of -2*z**3/3 + 19*z**2 - 91*z. Let g be r(5). What is the highest common divisor of g and 102?
6
Suppose -p = g - 4 + 23, 3*g = -2*p - 38. Let m be -5 + 1 - 1 - p. What is the greatest common factor of 98 and m?
14
Suppose 12718 - 2158 = 165*l. Calculate the greatest common factor of l and 1024.
64
Let w = -120 - -122. Suppose 4*q = -w*x + 76, 3*x + x - 147 = -3*q. What is the greatest common factor of 84 and x?
12
Suppose -70*o - 17 = -69*o. Let h(a) = -a**2 - 24*a. Let v be h(o). Calculate the greatest common divisor of v and 68.
17
Suppose -2 = 2*z, -3*s + 2*z + 66 = -20. Suppose -2*x + 38 = 2*k, 0*k - 41 = -2*x - 3*k. Calculate the highest common factor of x and s.
4
Suppose -53 = -2*x - 39. Let j(t) = t**2 + 12*t + 16. Let u be j(-9). Let m = -4 - u. What is the highest common divisor of m and x?
7
Let x(y) = 5*y + 0*y + 0*y + 24 - 6*y. Let m be x(19). Suppose m*t - 224 + 9 = -c, -5*t - 4*c = -230. Calculate the greatest common divisor of t and 14.
14
Let c = -735 + 1393. Let d = 661 - c. What is the highest common divisor of 219 and d?
3
Let c be ((-115)/(-25) - 5) + 94/10. Let r = c + -5. Suppose -5*f + 5*m - r = -79, -3*f + m = -47. What is the greatest common divisor of 48 and f?
16
Let j be (5/3)/(240/243 - 1). Let w = j + 134. Let r(z) = -19*z - 1. Let k be r(w). What is the greatest common factor of 36 and k?
18
Let u = -11535 - -13352. Calculate the greatest common divisor of 632 and u.
79
Let d = -3 - -37. Let r = -95 + 97. Suppose -r*j + 17*j - 1275 = 0. What is the greatest common divisor of d and j?
17
Suppose -4*d = -362 + 26. Let u be (115200/12000)/((-2)/(-5)). Calculate the greatest common divisor of d and u.
12
Let a(y) = 34 - 6*y - 95 - 32 + 17*y. Let u be a(21). Calculate the greatest common divisor of 92 and u.
46
Let j(i) = 65*i - 18. Let h be (-273)/13*(-4)/6. Let l be j(h). Suppose 11*w - l = 725. Calculate the highest common factor of 